{"id":94,"date":"2017-04-06T23:00:15","date_gmt":"2017-04-06T21:00:15","guid":{"rendered":"http:\/\/xn--pskerock-9za.no\/?page_id=94"},"modified":"2017-04-07T23:33:07","modified_gmt":"2017-04-07T21:33:07","slug":"the-shady-deal-unravels","status":"publish","type":"page","link":"http:\/\/paaskerock.no\/?page_id=94","title":{"rendered":"The Shady Deal Unravels"},"content":{"rendered":"<p><img loading=\"lazy\" src=\"http:\/\/xn--pskerock-9za.no\/wp-content\/uploads\/2017\/04\/Shady-Deals-Unravels-The-Thin-Lizzy-Tribute-4300-300x146.jpg\" alt=\"\" width=\"300\" height=\"146\" class=\"alignnone size-medium wp-image-140\" \/><\/p>\n<div class=\"page\" title=\"Page 1\">\n<div class=\"section\">\n<div class=\"layoutArea\">\n<div class=\"column\">\n<p><em>Bandet Free Birds har via \u00e5rets P\u00e5skerock til det irske rockebandet Thin Lizzy. Her blir det nok gjenh\u00f8yr med b\u00e5de Dancin`in the Moonlight og the boys are back in town.<\/em><br \/>\nBandet best\u00e5r av: <strong>Steinar Fodnes, \u00d8rjan Loftheim, Andreas H. Aannevik, Gunnstein R\u00f8neid og Lasse H. Aannevik.<\/strong>\n<\/div>\n<\/div>\n<\/div>\n<\/div>\n","protected":false},"excerpt":{"rendered":"<p>Bandet Free Birds har via \u00e5rets P\u00e5skerock til det irske rockebandet Thin Lizzy. Her blir det nok gjenh\u00f8yr med b\u00e5de Dancin`in the Moonlight og the boys are back in town. Bandet best\u00e5r av: Steinar Fodnes, \u00d8rjan Loftheim, Andreas H. Aannevik, Gunnstein R\u00f8neid og Lasse H. Aannevik.<\/p>\n","protected":false},"author":3,"featured_media":0,"parent":37,"menu_order":0,"comment_status":"closed","ping_status":"closed","template":"","meta":[],"_links":{"self":[{"href":"http:\/\/paaskerock.no\/index.php?rest_route=\/wp\/v2\/pages\/94"}],"collection":[{"href":"http:\/\/paaskerock.no\/index.php?rest_route=\/wp\/v2\/pages"}],"about":[{"href":"http:\/\/paaskerock.no\/index.php?rest_route=\/wp\/v2\/types\/page"}],"author":[{"embeddable":true,"href":"http:\/\/paaskerock.no\/index.php?rest_route=\/wp\/v2\/users\/3"}],"replies":[{"embeddable":true,"href":"http:\/\/paaskerock.no\/index.php?rest_route=%2Fwp%2Fv2%2Fcomments&post=94"}],"version-history":[{"count":5,"href":"http:\/\/paaskerock.no\/index.php?rest_route=\/wp\/v2\/pages\/94\/revisions"}],"predecessor-version":[{"id":164,"href":"http:\/\/paaskerock.no\/index.php?rest_route=\/wp\/v2\/pages\/94\/revisions\/164"}],"up":[{"embeddable":true,"href":"http:\/\/paaskerock.no\/index.php?rest_route=\/wp\/v2\/pages\/37"}],"wp:attachment":[{"href":"http:\/\/paaskerock.no\/index.php?rest_route=%2Fwp%2Fv2%2Fmedia&parent=94"}],"curies":[{"name":"wp","href":"https:\/\/api.w.org\/{rel}","templated":true}]}}