{"id":90,"date":"2017-04-06T22:57:06","date_gmt":"2017-04-06T20:57:06","guid":{"rendered":"http:\/\/xn--pskerock-9za.no\/?page_id=90"},"modified":"2017-04-08T11:50:51","modified_gmt":"2017-04-08T09:50:51","slug":"southern-kamfer","status":"publish","type":"page","link":"http:\/\/paaskerock.no\/?page_id=90","title":{"rendered":"Southern Kamfer"},"content":{"rendered":"<div class=\"page\" title=\"Page 1\">\n<div class=\"section\">\n<div class=\"layoutArea\">\n<div class=\"column\">\n<p><em>Spelar utelukkande s\u00f8rstatsrock. Det blir musikk fr\u00e5 artistar som Tom Petty, Doc Holliday, Blackberry Smoke osb.<\/em><br \/>\nBandet best\u00e5r av: <strong>Bent Vadseth, Kenneth A. Sandnes, Gaute Johnsgaard, P\u00e5l Olav Loftesnes, \u00d8rjan Lindborg og Terje Svori<\/strong>.\n<\/div>\n<\/div>\n<\/div>\n<\/div>\n","protected":false},"excerpt":{"rendered":"<p>Spelar utelukkande s\u00f8rstatsrock. Det blir musikk fr\u00e5 artistar som Tom Petty, Doc Holliday, Blackberry Smoke osb. Bandet best\u00e5r av: Bent Vadseth, Kenneth A. Sandnes, Gaute Johnsgaard, P\u00e5l Olav Loftesnes, \u00d8rjan Lindborg og Terje Svori.<\/p>\n","protected":false},"author":3,"featured_media":0,"parent":37,"menu_order":0,"comment_status":"closed","ping_status":"closed","template":"","meta":[],"_links":{"self":[{"href":"http:\/\/paaskerock.no\/index.php?rest_route=\/wp\/v2\/pages\/90"}],"collection":[{"href":"http:\/\/paaskerock.no\/index.php?rest_route=\/wp\/v2\/pages"}],"about":[{"href":"http:\/\/paaskerock.no\/index.php?rest_route=\/wp\/v2\/types\/page"}],"author":[{"embeddable":true,"href":"http:\/\/paaskerock.no\/index.php?rest_route=\/wp\/v2\/users\/3"}],"replies":[{"embeddable":true,"href":"http:\/\/paaskerock.no\/index.php?rest_route=%2Fwp%2Fv2%2Fcomments&post=90"}],"version-history":[{"count":4,"href":"http:\/\/paaskerock.no\/index.php?rest_route=\/wp\/v2\/pages\/90\/revisions"}],"predecessor-version":[{"id":168,"href":"http:\/\/paaskerock.no\/index.php?rest_route=\/wp\/v2\/pages\/90\/revisions\/168"}],"up":[{"embeddable":true,"href":"http:\/\/paaskerock.no\/index.php?rest_route=\/wp\/v2\/pages\/37"}],"wp:attachment":[{"href":"http:\/\/paaskerock.no\/index.php?rest_route=%2Fwp%2Fv2%2Fmedia&parent=90"}],"curies":[{"name":"wp","href":"https:\/\/api.w.org\/{rel}","templated":true}]}}